et m(t) = -3*t**2 - t + 2. Let n(o) = -6*m(o) + 5*u(o). Determine n(y).
8
Let d = -614 + 617. Let z(h) = -3*h - 6 + d*h - 1 + 0*h - 5*h. Give z(-5).
18
Suppose 173*c = 231*c - 522. Let k(z) = z**3 - 9*z**2 + z - 4. Determine k(c).
5
Let x(i) = 2*i + 5. Let k(b) = -b**2 - 25*b + 178. Suppose 27*d = 108 + 54. Let o be k(d). Calculate x(o).
-11
Let c(i) be the second derivative of 12*i - 1/20*i**5 - 1/2*i**4 - 3/2*i**2 - 7/6*i**3 + 0. Let q(k) = -k**2 + 31. Let u be q(-6). Give c(u).
7
Let i(p) = -4*p - 5. Let n be ((-207)/138)/((-2)/(-12)). Calculate i(n).
31
Suppose 262 + 544 = 31*q. Suppose q*u = 5*u - 21. Let f(r) = -3*r**2 + 2*r + 2. What is f(u)?
-3
Suppose -22 = -16*a - 5 + 159. Let j(x) = 13*x - 141. Calculate j(a).
2
Let n(g) = -3*g**2 - 367*g + 13. Let u(f) = f**2 + 131*f - 4. Let r(h) = 4*n(h) + 11*u(h). Calculate r(-27).
8
Let t(v) = -13 - 25*v**2 + 9*v + v**3 + 21*v**2 + 34*v**2 - 24*v**2. Give t(-4).
-17
Let h = 652 + -615. Suppose 0 = -14*x - 33 - h. Let m(i) = -3*i**2 - 7*i + 2. Calculate m(x).
-38
Let r(n) = n**2 - 3. Let m(b) = -4*b**2 + 12. Let g(c) = 2*m(c) + 9*r(c). Let k be (-4)/(-10) + (-13468)/20. Let x = k + 673. Determine g(x).
-3
Let k(d) be the first derivative of -5*d**3/3 - 3*d**2/2 - 2*d + 54. Let j(c) = 4*c**2 + 2*c + 4. Let u(q) = -6*j(q) - 5*k(q). What is u(-5)?
-4
Let v(f) = -f - 13. Let p(n) = -n - 21. Let q(z) = -3*p(z) + 4*v(z). Let c = -3 - -3. Determine q(c).
11
Suppose 2*f - 3*l + 17 = -4*l, 0 = 3*f - 2*l + 8. Let y(k) = -3*k**2 - 1102 - 4*k**2 + 544 - k**3 - 5*k + 549. Determine y(f).
-15
Let q(t) be the first derivative of t**4/4 - 8*t**3/3 + 3*t**2 + 8*t - 1. Let b = -127 + 129. Suppose 0 = -4*a - 20, -18 + 7 = -3*p - b*a. Determine q(p).
1
Let f(j) = 4*j + 34. Let z(h) = -52*h - 446. Let r(t) = -27*f(t) - 2*z(t). Give r(5).
-46
Let b(p) = p**2 + 20*p - 43. Suppose 75*l = 350 - 1618 - 307. Calculate b(l).
-22
Let x(a) be the first derivative of 3*a**2 - 12*a - 2026. Give x(11).
54
Let f = -26 + 30. Let w(j) be the first derivative of -5 - j + 1/2*j**2. Give w(f).
3
Let z(k) = -5*k + 13. Let o(t) = 28*t - 67. Let g(f) = 2*o(f) + 11*z(f). What is g(-3)?
6
Let z = -17345 + 17346. Let h(g) = -2 - 4 + 7 + 14*g**2. What is h(z)?
15
Let l be 1 + 1 + 10 - (7 + 7 - 10). Let q(h) be the second derivative of 0 + 9/2*h**2 + 1/12*h**4 + l*h + h**3. Determine q(-6).
9
Let k(j) = j**3 + 6*j**2 - 3*j - 7. Let p(x) = -3*x**3 - 17*x**2 + 12*x + 23. Let c(z) = 7*k(z) + 2*p(z). Let l be 2/(2 - 32/14). Calculate c(l).
25
Let f(n) = -n - 2. Let j(z) = z. Let y(t) = f(t) - 2*j(t). Let o be (10/55 + 84/(-99))/((-2)/15). Determine y(o).
-17
Suppose 4*o + 45*w + 156 + 48 = 0, -5*o = 2*w + 38. Let h(s) = 9*s + 46. What is h(o)?
-8
Let j = 5 - 4. Let b be -3*((-20)/(-5))/(-4). Let t(i) = 8*i**3 + 7*i**b + 1 - 2*i + 6*i**3. What is t(j)?
20
Suppose -n = -3*c - 167, 2*n - c + 191 = 540. Suppose 6*o = -16*o - n. Let j(l) = -l - 9. Determine j(o).
-1
Let t be (40/(-35))/(((-70)/49)/5). Suppose -i = -7*l + 12*l + 15, l + 45 = t*i. Let c(o) = -o - 4. Determine c(i).
-14
Let y(u) = 11*u**3 + 12*u**2 + 3*u + 17. Let m(r) = -7*r**3 - 8*r**2 - 2*r - 11. Let b(o) = 8*m(o) + 5*y(o). Suppose -537*s = -543*s - 18. Calculate b(s).
-9
Let x be (-89 + -2)/1 + (-10)/10. Let w be x/230 + -6*11/10. Let h(m) be the third derivative of m**4/24 + m**3/6 + 4*m**2. Give h(w).
-6
Let h(j) be the first derivative of 1/4*j**4 + 0*j**2 + 4/3*j**3 + 67 - 3*j. Determine h(-4).
-3
Let n be 31/(-11) - (3/2 + 435/(-330)). Let v(r) = 11*r + 30. What is v(n)?
-3
Let b(h) = 2*h - 10. Suppose 4*a - 4 = 0, 4*x + 2*a = -a + 27. Let j be b(x). Let o(r) = 6 - 15 + 5*r**j + 7 + 3*r - 5*r. Determine o(-2).
22
Let k(w) = -5*w + 0*w - 109 + 16*w + 153. Give k(-5).
-11
Let y(p) = p - 3. Let j(o) = 7*o + 6. Let c be j(1). Suppose c*r - r = 96. What is y(r)?
5
Let r be (-202)/(-22) - 42/231. Let j(u) = 24*u - 67*u + 19*u - 10 + 27*u. Determine j(r).
17
Let o(n) = 180*n + 37. Let k(h) = -84*h - 17. Let f(r) = -13*k(r) - 6*o(r). Calculate f(2).
23
Let m(q) = -22 - 22015*q + 30*q**2 + 22016*q - 31*q**2. Give m(-6).
-64
Let p(r) = -r**2 - 11*r - 12. Suppose 4 = -o - k + 7, 0 = 3*o + k - 5. Let s be o/(3*(-5)/135). Calculate p(s).
6
Let p(v) = -7*v**2 - v + 1. Suppose 2*o - 33 = -9*o. Let n be o/(-6) - (-1)/2. Suppose 7*b - 2*b + 2*z + 1 = 0, 4*b - 4*z - 16 = n. Determine p(b).
-7
Let z(w) = 153*w - 327*w + 171*w - 3. Let g(f) = f**2 - 8*f - 6. Let y be g(9). Suppose i = y*v - 11, 2 = -2*i - 2. Calculate z(v).
-12
Let o(u) = u**3 + 2*u**2 + 2*u. Let m(x) = 3*x**2 - 6*x - 8. Let c be m(6). Suppose 16*k - 48*k = c. What is o(k)?
-4
Let f(t) = -15*t**2 + 31*t + 17. Let g(z) = -4*z**2 + 3*z - 2. Let h(m) = f(m) - 4*g(m). What is h(-2)?
-9
Let v(r) = -12*r**3 - 15*r**2 - 13*r + 18. Let w(a) = 10*a**3 + 15*a**2 + 12*a - 16. Let j(n) = 6*v(n) + 7*w(n). Calculate j(8).
-20
Let d(u) = -11*u - 2*u - 4*u**2 + 6*u - 4*u**2 - u**3 + 6. Let v be (1 + 4/(-3))/((-4)/36). Suppose 3*m + 4 = m + 2*c, v*m = 5*c + 4. Calculate d(m).
6
Let c(n) = -12*n + 12. Let k be 4/((-3 + 1)*(3 + -1)). Determine c(k).
24
Suppose 554 - 726 = 43*r. Let j(t) = -t**3 - 4*t**2 - 6*t + 6. What is j(r)?
30
Let s(k) be the third derivative of -k**5/10 - k**4/6 + k**3/3 + 633*k**2. Determine s(-2).
-14
Let b = 71 - 60. Suppose -8*x - 21 = -b*x. Let f(c) = -5*c - c**3 + 1 + 1 - x + 7*c + 6*c**2. What is f(6)?
7
Let o(t) = -t**2 - 3*t - 7. Let q be 3/7 - ((-24700)/175)/(-26). Determine o(q).
-17
Let v(i) = 4*i - 22. Let x be v(6). Let g(y) = 551*y**x - 7 + 6*y**3 - 5*y**3 - 9*y - 544*y**2. Calculate g(-8).
1
Let d be 14/6 + (-4)/(-6). Let z(g) = -g**2 + g + 16. Let b(c) = -5*c**2 + 9*c + 60. Let f(q) = b(q) - 4*z(q). Calculate f(d).
2
Let p(r) = -289 + 7*r**2 + 27*r + 6*r**2 + 9*r - 67*r**2 + 53*r**2. Give p(24).
-1
Let r = -342 - -340. Let j(y) = 3 - 1 + 2 - 2*y + 0 - 6. Give j(r).
2
Let o(y) = -21*y**3 - 166 + 269 - 3*y - 105. What is o(-1)?
22
Let t(n) = n**3 + 3*n**2 + 3*n - 2. Let w(u) = u**2 + 4 + 2*u - 19 + 10*u + 12. Let k be w(-12). Calculate t(k).
-11
Let q(x) = -17*x**2 - 21*x - 15. Let d(m) = -10*m**2 - 11*m - 8. Let w(y) = 5*d(y) - 3*q(y). Suppose -p + 6*p = -30. What is w(p)?
-7
Let c be (0 - 1)*(18 - 24). Let x(a) = -12*a + 2. Let l be x(0). Let w(o) = 2*o**l + 427*o**3 + 7 + 6*o + 3*o**2 - 428*o**3. What is w(c)?
7
Let k = 4001 + -3999. Let w(c) = 2*c**3 - 5*c**2 + 4*c + 2. Calculate w(k).
6
Let y = 3063 + -3070. Let x(a) = a**3 + 7*a**2 - 4*a - 16. Give x(y).
12
Let b(n) = n**2 - 11*n + 14. Let d be (63/69 + -1 - (-840)/138) + 1. What is b(d)?
-14
Suppose 14*r - 3545 + 3615 = 0. Let f(o) = o**2 + 8*o - 4. Give f(r).
-19
Let a(l) be the third derivative of l**6/120 + l**5/12 + l**4/8 - l**3/6 - 15*l**2. Let o be ((-9)/6)/(12/16). Let w be (o - (-20)/8) + (-14)/4. Determine a(w).
8
Let i(s) = s**2 + 6*s + 14. Let l be (7/21)/((13 + -8)/(-105)). Determine i(l).
21
Let a(p) = p + 1. Suppose 42 + 30 = 6*k. Let g(n) = -8 + 44*n - n**2 + k - 47*n. Let m be g(-5). Give a(m).
-5
Suppose 4*d + 2*o + 12 = 0, 5*o = -3*d - 21 - 2. Let w be (-32)/(-6) + d/3. Let j(r) = -w*r**2 - 6*r + 106 + 4*r**2 - 99. Give j(-8).
-9
Let q(j) = 2*j**2 - 121*j + 179. Let r be q(59). Let n(y) be the second derivative of 1/6*y**3 + 1/20*y**5 + 0 - 1/3*y**4 - 2*y**r - 3*y. Give n(3).
-10
Let w(q) = q**3 + 5*q**2 + 39*q + 108. Let y be 3*(-14)/((-196)/(-14)). Calculate w(y).
9
Let y be (-1)/(2/6) - 7/7. Let o be (7 - 5)/(2/(-4)). Let v be y - o*(-6)/(-3). Let d(w) = 2*w + 4. What is d(v)?
12
Let l = -2969 + 2965. Let x(d) = 9*d + 24. Calculate x(l).
-12
Let y(k) = -k - 22. Let v(w) = -2*w - 22. Let f(g) = 2*v(g) - 3*y(g). Let o(q) = -7. Let p(m) = 2*f(m) + 7*o(m). Give p(-6).
7
Let u(c) = -c**2 + 17*c - 3. Let q(w) = -w**2 + 18*w - 1. Let h(b) = -7*q(b) + 8*u(b). What is h(8)?
-1
Let o(r) = 35*r - 19 + 49*r**2 + 6 - 146*r**2 + 53*r**2 + 48*r**2. Calculate o(-9).
-4
Let a(j) = j**2 - 5*j - 12. Let b be a(-6). Let z be 6/33 + b/66. Let d(h) = z + 0 + 4 - h. What is d(10)?
-5
Let u be (1 - 5)/(0 - -1). Suppose -2 = -p, -2*b + 3*p = 2 - 0. Let y(h) = -24 + 2*h + 23 + 36*h**b - 35*h**2. What is y(u)?
7
Let u(d) = 5*d + 8. Let n(o) = -14*o - 23. Let q(m) = -6*n(m) - 17*u(m). Calculate q(4).
-2
Let m(k) = 20*k**2 - 47*k - 34. Let r(p) = 7*p**2 - 19